f**3 + 5*f**2 - f + 2. Let d be o(5). Let p(x) = -2*x - 4*x**3 + 3 + 51*x**2 - 2*x + x + 5*x**3 - 49*x**2. What is p(d)?
3
Let w(l) = 4*l**2 - 8*l - 11. Let v(y) be the third derivative of 1/12*y**5 + 0*y + 6*y**2 - 2*y**3 - 1/3*y**4 + 0. Let q(k) = -3*v(k) + 4*w(k). What is q(9)?
1
Let h be (-1)/(-3 + (-20)/(-8)). Let o(r) be the third derivative of 1/120*r**6 - 7/24*r**4 + 1/12*r**5 + 0 - 1/6*r**3 + 0*r + 4*r**h. Give o(-6).
5
Let d(y) = -y**3 - 7*y**2 + 7*y - 12. Let u be -1*4 - (-20)/(-5). Calculate d(u).
-4
Let l(y) = 13*y - 5. Let j(p) = -37*p + 15. Suppose -g + 3*g = -4*u + 66, 5*u = -5*g + 80. Let q(c) = u*l(c) + 6*j(c). Give q(6).
-1
Suppose -s - 3*z + 39 = 0, s - 2*z - 29 = -0*s. Let d be 68/(-11) + 6/s. Let w(a) be the first derivative of a**3/3 + 5*a**2/2 + 1. What is w(d)?
6
Suppose -195*k + 179*k + 48 = 0. Let b(c) be the first derivative of -5/2*c**2 + 6 - 1/3*c**k + 6*c. Give b(-6).
0
Let x(g) = -g**3 + 5*g**2 - 5. Let z be 8/(-20) - (-48)/20. Suppose -34 = -z*a - 24. Determine x(a).
-5
Suppose 3*y + 4*t = -29, -2*y + 4*t = -0 - 14. Let x(g) = -4*g**2 + 1. Determine x(y).
-35
Let s = -219 - -224. Let z(c) = c**3 - 6*c**2 + 7*c - 4. Calculate z(s).
6
Suppose -20*j - 42 = -14*j. Let t(x) = x. Give t(j).
-7
Let p(r) = r**3 + r**2 - 2*r. Let o = -1 + -9. Let b = 12 + o. Suppose 0 = -s + 4, s = -3*n - b. Give p(n).
0
Suppose -2*v + 7 = 3*o - 17, -12 = -v - 4*o. Let p(k) = 7*k - v*k + 6*k. Let i(s) = 14*s + 1. Let c(l) = -i(l) + 6*p(l). Give c(-1).
7
Let a(r) = -3 + 0*r + 0*r + r - 2*r. Let w = 28 - 34. Determine a(w).
3
Let u(c) = 7*c**2 - 9*c + 10. Let k(q) = 20*q**2 - 26*q + 29. Let x(y) = -6*k(y) + 17*u(y). Suppose 5*m - 14 = 21. Suppose -4*t + 9 = -m. Determine x(t).
-8
Suppose -13*g + 200 = 27*g. Let j(u) = -13*u + 3. Let k(a) = 3*a - 1. Let m(w) = 2*j(w) + 9*k(w). Give m(g).
2
Suppose -b + 3*q = 21, 0 = 2*b + 2*q - 3 + 13. Let o(h) = -3*h - 9. Give o(b).
18
Let q(x) = -4*x. Let y(f) = 10*f + 1. Let u(s) = 2*q(s) + y(s). Calculate u(7).
15
Let x = -89 - -83. Let b(f) = 5*f - 3. Let k(q) = -4*q + 3. Let p(t) = 3*b(t) + 4*k(t). Calculate p(x).
9
Let z be (-18)/4 - (-1)/2. Let w(b) = 5*b**3 + b**2 + 2*b - 3. Let t be w(1). Let s(q) = -6 + 2 + 5 + 5*q + q**2 + t. Give s(z).
2
Let x(f) = 5*f + 5. Suppose 0 = 5*s - 12 - 13, s = -3*o - 1. Let g be x(o). Let m be (-3)/1 - (4 + g). Let u(k) = -4*k + 1. Give u(m).
9
Let c(q) = q**3 - 2*q**2 - 33. Let k = -561 + 561. Calculate c(k).
-33
Let b = -153 + 144. Let u(a) = a**2 + 7*a - 10. What is u(b)?
8
Let a(u) be the first derivative of u**4/4 + 2*u**3 + 6*u - 41. Determine a(-6).
6
Let g(t) be the second derivative of -4*t**3/3 + t**2/2 - 13*t. Let c be (1 + -1)/(1 - 2). Suppose v - 4*x + 19 = 0, -3*x + c*x + 10 = -5*v. Give g(v).
-7
Let p be 54/(-135)*(-70)/4. Let k(l) = -l**2 + 8*l - 5. Give k(p).
2
Suppose 0*x = l + 2*x + 16, -3*x - 39 = 4*l. Let w be ((-3)/(-2)*3)/(l/(-8)). Let b(c) = -c**3 + 5*c**2 + 7*c - 3. Calculate b(w).
3
Let z(j) = 2*j + 2*j + j - 3*j. Let c(u) = -2*u. Let i be c(1). Calculate z(i).
-4
Let k be ((-155)/(-20))/(-31) + 1/4. Let x(c) = c - 18. Calculate x(k).
-18
Let q(u) = -8*u**3 - 8*u**2 - 14*u - 8. Let o(i) = 7*i**3 + 8*i**2 + 13*i + 8. Let s(f) = 7*o(f) + 6*q(f). Let v be 4/6*1*(-42)/4. Give s(v).
8
Let r(i) = -i**3 + i**2 - 1. Let c be r(-2). Let x(j) = 17*j**2 + c - 18*j**2 + 0. Give x(0).
11
Let c(j) = 3*j - 4. Let l(u) = -u - 3. Let b(n) = -3*c(n) + 3*l(n). Give b(4).
-45
Let t be (-95)/190 - (-26)/(-4). Let l(z) = 5*z + 32. Calculate l(t).
-3
Let g(x) = 156*x**3 + 160*x**3 - 4 - 317*x**3. Determine g(-3).
23
Let v be ((-1)/2)/(4/(-16)). Let s(k) = -6*k + k + 7*k + k**v - 1. Give s(-2).
-1
Suppose h - 3*o = -11, -2*o = -9*h + 12*h - 22. Let w(r) = r**2 + 3*r - 1. Determine w(h).
27
Let w(a) = -a + 10. Let g(n) = -2*n + 11. Let r be g(4). Let i = 8 + r. What is w(i)?
-1
Let y(l) = -l**3 - l**2 + 7*l + 12. Let c be y(-2). Let o(n) = -n**3 + n**2 + 2*n - 1. What is o(c)?
-1
Suppose 6*l - 14 + 2 = 0. Let k(n) be the second derivative of 0 + 4*n - 1/6*n**3 + 0*n**l. Give k(5).
-5
Suppose 2*p + 4*m - 8 = -2*p, -m = 1. Let r(n) = 88*n + 88*n + 90*n - 264*n. Give r(p).
6
Let b(p) = 120*p**2 - 14 - 129*p**2 + 2 + p**3 + 14*p + 6. Determine b(7).
-6
Let f be 15*18/30*(-1)/(-3). Let a(v) be the third derivative of 0*v + 0 - 5*v**2 - v**f - 1/24*v**4. Give a(-6).
0
Let m be ((-3)/(-6))/((-12)/(-120)). Let l(s) = s**3 - 6*s**2 + 4*s + 5. Give l(m).
0
Let s(j) = 53 + j - 20 - 30 - 3*j. What is s(7)?
-11
Let i(d) be the third derivative of d**6/45 - d**4/24 - d**3/6 + 9*d**2. Let n(l) be the first derivative of i(l). What is n(-1)?
7
Let n(x) be the second derivative of 3*x**5/40 + x**4/24 + 5*x**3/6 + 3*x**2 + 2*x - 15. Let d(u) be the second derivative of n(u). What is d(-1)?
-8
Suppose -1 = 2*m - 11. Let w(h) = m + 37*h - 40*h + 5. Let z be w(5). Let i(r) = -r**3 - 6*r**2 - 5*r + 7. What is i(z)?
7
Let p(u) = -u**2 - 7*u - 4. Let h be 11/(33/(-9))*1. Give p(h).
8
Let t(c) be the third derivative of -1/30*c**5 + 0*c + c**2 + 1/120*c**6 - 1/24*c**4 + 1/3*c**3 + 0. What is t(2)?
0
Suppose 0 = -2*s - 4*b - 3 - 9, 2*b + 14 = 3*s. Let d be (-10)/(-4*1/s). Let c(a) = 0 - a + d*a**2 + a**3 + 1 - 5. Give c(-5).
1
Let x(l) be the second derivative of -2/3*l**3 - 4*l + 0 + 1/12*l**4 - 7/2*l**2. Determine x(6).
5
Let r(z) = z**3 - 17*z**2 + 25*z + 7. Let s(m) = -2*m**3 + 35*m**2 - 52*m - 15. Let i(a) = 13*r(a) + 6*s(a). Give i(10).
31
Let q(c) = -3*c**3 + 3*c**2 + 2*c + 2. Let f(k) = -5*k**3 + 6*k**2 + 3*k + 3. Let w(a) = 4*f(a) - 7*q(a). Determine w(-3).
4
Let j(b) be the second derivative of -b**5/20 - 14*b**2 + b - 61. Calculate j(0).
-28
Let n(k) be the first derivative of k**4/4 + 4*k**3/3 - 5*k**2/2 - 6*k + 38. Give n(-5).
-6
Let y(k) = 1 - 314*k - 319*k + 632*k. Let t = -35 + 34. Give y(t).
2
Let h(v) be the first derivative of -3*v**2/2 - 33*v - 337. What is h(-15)?
12
Let t(v) = 8*v - 5. Let o(j) = 7*j - 4. Let z(k) = -6*o(k) + 5*t(k). Let l(n) = n**3 - 14*n**2 - 2*n + 29. Let a be l(14). Calculate z(a).
-3
Let d(s) = -s**3 - s - 1. Let x(c) = c**3 - 5*c**2. Let v(a) = -2*d(a) - x(a). Give v(-4).
10
Let l(j) = -2*j**2 - j + 1. Let g(v) = -v**3 + 10*v**2 + 9*v - 6. Let t(o) = -g(o) - 6*l(o). Give t(2).
10
Let r(q) = q**3 + 4*q**2 - 5*q + 3. Let w = -1179 - -1174. What is r(w)?
3
Let z(r) = r**3 - 6*r + 3. Let a(c) = c**3 - 7*c + 3. Let l be (-2)/(-2 + 15/6). Let d(o) = l*a(o) + 5*z(o). Calculate d(2).
7
Let x(f) = 3*f. Let r(l) = -10*l. Let j(a) = 2*r(a) + 7*x(a). Let z = -33 + 32. Determine j(z).
-1
Suppose 5*p + 11*h - 30 = 6*h, 5*p = h + 18. Let j(s) = -s**2 + 4*s - 7. What is j(p)?
-7
Suppose 0 = 3*a + 8*a + 55. Let j(f) = -4*f - 2. What is j(a)?
18
Let i(g) be the second derivative of -1/6*g**3 - 5 - 9/2*g**2 + g. What is i(-7)?
-2
Let h be (-8)/10*10/(-4). Suppose 5*n - 6*n = h. Let p(c) be the second derivative of -c**3/3 + 3*c. Calculate p(n).
4
Let c(w) = w - 14. Let g be c(8). Let z = 0 + g. Let m(o) = -4*o + 11. Let l(s) = 3*s - 10. Let y(h) = 5*l(h) + 4*m(h). Give y(z).
0
Let w(o) = -o + 26. Let g be 26 + (-1)/(-7 - -6) - 1. Calculate w(g).
0
Let s(x) be the second derivative of -x**4/12 - 13*x**3/6 - 17*x**2/2 + 60*x. Give s(-13).
-17
Let c(q) = -2*q + 1 - 7*q - 5*q + 4*q**2 + 12*q. Let z = 56 - 55. What is c(z)?
3
Suppose 3*z - x - 3*x - 13 = 0, 4*z + 2*x = 10. Suppose -z*v + 1 = -5. Let r(f) = 4*f**2 - v + 3 - 2. Give r(1).
3
Let s(x) = 5*x + x - x + 17. Let v(h) = -2*h - 8. Suppose -k - 11 = -g, -5*k + 4*g + 5 = 55. Let q(o) = k*s(o) - 13*v(o). Give q(2).
-6
Let z(y) = y**3 - 10*y**2 + y. Suppose 0 = -3*r + 3*q + 36, -31*r - 5*q = -32*r + 20. Determine z(r).
10
Suppose -4*k + 9*k = -20. Let w(g) = -2 - 4 - g + 2*g + 1. Let l(y) = 2*y - 9. Let b(c) = -6*l(c) + 11*w(c). Give b(k).
3
Let l(k) be the third derivative of -22*k**2 + 1/60*k**5 + 0*k - 1/3*k**3 - 1/24*k**4 + 0. Let w(m) = -m + 3. Let r be w(3). Calculate l(r).
-2
Let y(a) be the first derivative of -6*a**2 + 9. Let m be 3*(-6)/(-18) + -2. Calculate y(m).
12
Let b = 16 + -6. Let y be ((-6)/15)/((-1)/b). Suppose -i = y*i + 30. Let f(r) = r**3 + 6*r**2 - 4. What is f(i)?
-4
Let n(o) be the third derivative of o**5/60 + o**4/24 + o**3/6 + 2*o**2 + 3. Give n(2).
7
Let t be 2 + 1/(-10)*-8*5. Let o(